rue
Is 1009 a multiple of 73?
False
Does 48 divide 522?
False
Is 10465 a multiple of 19?
False
Does 47 divide 893?
True
Is 60 a factor of 63000?
True
Is 11 a factor of 8383?
False
Is 12328 a multiple of 89?
False
Is 42 a factor of 4032?
True
Is 20 a factor of 1040?
True
Is 1589 a multiple of 19?
False
Is 50 a factor of 50?
True
Is 4553 a multiple of 141?
False
Does 4 divide 433?
False
Does 7 divide 2173?
False
Is 4412 a multiple of 4?
True
Is 6052 a multiple of 11?
False
Is 19 a factor of 988?
True
Is 342 a multiple of 18?
True
Does 82 divide 410?
True
Is 55 a multiple of 3?
False
Is 116 a factor of 58197?
False
Is 26554 a multiple of 71?
True
Does 67 divide 1300?
False
Is 23 a factor of 8878?
True
Does 26 divide 962?
True
Does 67 divide 5843?
False
Is 49 a factor of 49?
True
Is 118314 a multiple of 14?
True
Is 137 a factor of 20687?
True
Is 13257 a multiple of 32?
False
Is 793 a multiple of 11?
False
Is 7 a factor of 10171?
True
Is 4615 a multiple of 27?
False
Is 11 a factor of 6136?
False
Is 1026 a multiple of 27?
True
Is 4825 a multiple of 3?
False
Does 185 divide 71040?
True
Does 20 divide 13172?
False
Is 8299 a multiple of 193?
True
Does 5 divide 73423?
False
Is 54 a factor of 171?
False
Is 16185 a multiple of 415?
True
Is 19 a factor of 4351?
True
Does 45 divide 646?
False
Does 14 divide 1152?
False
Is 21 a factor of 3928?
False
Is 40 a factor of 1800?
True
Is 12 a factor of 5648?
False
Is 93 a multiple of 24?
False
Is 3250 a multiple of 10?
True
Is 20816 a multiple of 182?
False
Is 24 a factor of 21569?
False
Does 4 divide 324?
True
Is 2000 a multiple of 80?
True
Is 31 a factor of 1938?
False
Is 72 a multiple of 6?
True
Is 3622 a multiple of 82?
False
Is 1745 a multiple of 4?
False
Is 42 a factor of 2310?
True
Does 3 divide 1703?
False
Is 11 a factor of 297?
True
Is 112 a factor of 1905?
False
Does 19 divide 15954?
False
Is 332 a multiple of 4?
True
Is 46 a multiple of 23?
True
Is 95 a factor of 18335?
True
Does 6 divide 468?
True
Is 22 a factor of 326?
False
Does 18 divide 26074?
False
Does 109 divide 5232?
True
Is 57 a factor of 855?
True
Is 76 a factor of 8785?
False
Is 1513 a multiple of 17?
True
Is 7 a factor of 483?
True
Is 1123 a multiple of 22?
False
Is 20020 a multiple of 52?
True
Is 813 a multiple of 15?
False
Is 52 a factor of 25064?
True
Does 122 divide 4342?
False
Is 1550 a multiple of 25?
True
Is 7644 a multiple of 78?
True
Is 23 a factor of 5727?
True
Is 329 a multiple of 47?
True
Does 14 divide 658?
True
Is 14371 a multiple of 8?
False
Is 56 a factor of 29624?
True
Does 55 divide 10170?
False
Is 130706 a multiple of 21?
False
Is 17 a factor of 5079?
False
Does 133 divide 15960?
True
Is 14 a factor of 546?
True
Is 42 a factor of 15962?
False
Does 3 divide 27?
True
Is 39 a multiple of 7?
False
Is 36 a factor of 35172?
True
Is 79 a factor of 44140?
False
Does 7 divide 36251?
False
Does 66 divide 1320?
True
Is 4439 a multiple of 15?
False
Is 55 a factor of 715?
True
Is 18 a factor of 21852?
True
Is 4 a factor of 1176?
True
Does 17 divide 14365?
True
Does 12 divide 15931?
False
Is 853 a multiple of 2?
False
Does 36 divide 21528?
True
Does 4 divide 228?
True
Is 63 a factor of 8757?
True
Does 36 divide 52800?
False
Is 26892 a multiple of 54?
True
Does 4 divide 1052?
True
Is 3366 a multiple of 18?
True
Does 392 divide 91728?
True
Is 8496 a multiple of 12?
True
Is 7991 a multiple of 18?
False
Is 19 a factor of 10348?
False
Is 8 a factor of 1978?
False
Is 5 a factor of 2090?
True
Is 36 a factor of 17136?
True
Does 10 divide 33212?
False
Is 1305 a multiple of 18?
False
Is 70908 a multiple of 119?
False
Is 36 a factor of 972?
True
Is 3 a factor of 2715?
True
Does 6 divide 2451?
False
Does 19 divide 1349?
True
Is 54 a factor of 3510?
True
Is 57 a factor of 1425?
True
Is 12 a factor of 468?
True
Is 43005 a multiple of 61?
True
Does 46 divide 7818?
False
Does 10 divide 6260?
True
Does 38 divide 10032?
True
Is 16 a factor of 8431?
False
Is 113 a factor of 36408?
False
Is 2 a factor of 416?
True
Is 7488 a multiple of 23?
False
Is 12 a factor of 56136?
True
Is 6 a factor of 3261?
False
Does 2 divide 18?
True
Is 22464 a multiple of 13?
True
Is 1157 a multiple of 13?
True
Does 49 divide 1421?
True
Does 30 divide 660?
True
Does 17 divide 469?
False
Is 34768 a multiple of 130?
False
Does 15 divide 405?
True
Is 11 a factor of 36691?
False
Is 35 a factor of 6160?
True
Is 143 a factor of 24167?
True
Is 31 a factor of 372?
True
Is 194 a factor of 31234?
True
Does 12 divide 4668?
True
Is 592 a multiple of 4?
True
Does 28 divide 980?
True
Is 6 a factor of 7152?
True
Does 19 divide 2242?
True
Does 23 divide 3611?
True
Is 60 a factor of 28500?
True
Does 9 divide 742?
False
Is 12160 a multiple of 95?
True
Is 25 a factor of 200?
True
Is 38895 a multiple of 279?
False
Is 672 a multiple of 6?
True
Does 137 divide 2537?
False
Is 341 a factor of 78573?
False
Is 26 a factor of 1456?
True
Is 4631 a multiple of 68?
False
Does 16 divide 6399?
False
Is 21850 a multiple of 25?
True
Does 37 divide 8510?
True
Is 25168 a multiple of 208?
True
Is 18942 a multiple of 4?
False
Is 198 a factor of 52866?
True
Is 672 a multiple of 16?
True
Is 7584 a multiple of 8?
True
Is 64 a factor of 15168?
True
Is 1312 a multiple of 34?
False
Is 6 a factor of 315?
False
Is 5 a factor of 10004?
False
Does 70 divide 39374?
False
Is 912 a multiple of 12?
True
Does 25 divide 2801?
False
Is 1274 a multiple of 35?
False
Does 24 divide 1416?
True
Does 12 divide 3576?
True
Does 14 divide 916?
False
Does 124 divide 2108?
True
Is 777 a multiple of 10?
False
Is 8 a factor of 7891?
False
Is 10146 a multiple of 57?
True
Is 1889 a multiple of 40?
False
Is 3830 a multiple of 32?
False
Does 95 divide 23275?
True
Is 2628 a multiple of 12?
True
Does 9 divide 879?
False
Is 42 a factor of 25224?
False
Is 2007 even?
False
Does 2 divide 2128?
True
Is 104 a factor of 2080?
True
Is 21 a factor of 3136?
False
Is 6 a factor of 12815?
False
Is 921 a multiple of 10?
False
Is 2 a factor of 8388?
True
Is 4 a factor of 27?
False
Is 187 a multiple of 2?
False
Is 736 a multiple of 46?
True
Is 714 a multiple of 34?
True
Is 32775 a multiple of 115?
True
Is 63 a factor of 3969?
True
Does 15 divide 270?
True
Does 14 divide 26740?
True
Does 7 divide 1623?
False
Is 6096 a multiple of 12?
True
Is 25196 a multiple of 122?
False
Does 198 divide 7722?
True
Is 6 a factor of 1960?
False
Is 7 a factor of 17612?
True
Is 40275 a multiple of 25?
True
Is 92 a factor of 23555?
False
Is 54748 a multiple of 14?
False
Is 1246 a multiple of 30?
False
Is 2624 a multiple of 41?
True
Is 52 a factor of 1976?
True
Does 63 divide 39626?
False
Does 2 divide 3376?
True
Does 5 divide 570?
True
Is 2996 a multiple of 7?
True
Is 751 a multiple of 13?
False
Is 12 a factor of 36?
True
Does 12 divide 1503?
False
Is 145728 a multiple of 66?
True
Is 13 a factor of 2691?
True
Does 165 divide 67419?
False
Is 4 a factor of 728?
True
Does 3 divide 60?
True
Is 4 a factor of 160?
True
Is 846 a multiple of 9?
True
Does 35 divide 821?
False
Does 141 divide 15825?
False
Is 1922 a multiple of 31?
True
Is 7942 a multiple of 33?
False
Is 903 a multiple of 21?
True
Is 9 a factor of 591?
False
Does 7 divide 102?
False
Does 142 divide 37630?
True
Is 14 a factor of 19805?
False
Is 184 a multiple of 8?
True
Does 26 divide 394?
False
Is 24 a factor of 14204?
False
Does 30 divide 810?
True
Does 31 divide 217?
True
Does 5 divide 519?
False
Is 46416 a multiple of 98?
False
Is 33 a factor of 66?
True
Does 18 divide 180?
True
Is 14843 a multiple of 14?
False
Is 2959 a multiple of 24?
False
Does 10 divide 17200?
True
Does 2 divide 187?
False
Does 9 divide 244?
False
Is 700 a multiple of 4?
True
Is 512 a multiple of 64?
True
Does 18 divide 89?
False
Is 2650 a multiple of 106?
True
Is 67 a factor of 107468?
True
Is 64 a factor of 4608?
True
Is 98 a factor of 29309?
False
Is 290 a multiple of 13?
False
Is 7 a factor of 1098?
False
Is 51 a factor of 5326?
False
Is 11 a factor of 38115?
True
Is 1860 a multiple of 124?
True
Is 9796 a multiple of 158?
True
Is 858 a multiple of 13?
True
Is 74 a factor of 22594?
False
Is 30510 a multiple of 171?
False
Is 2103 a multiple of 52?
False
Is 16 a factor of 1115?
False
Is 65 a factor of 10536?
False
Is 148 a multiple of 6?
False
Is 67 a f